s of 17195691?
3, 53, 83, 1303
What are the prime factors of 423734500?
2, 5, 7, 121067
What are the prime factors of 88068637?
3079, 28603
List the prime factors of 33503131.
73, 458947
What are the prime factors of 464677418?
2, 23, 587, 17209
What are the prime factors of 2483583820?
2, 5, 7013, 17707
What are the prime factors of 164788842?
2, 3, 859, 31973
What are the prime factors of 82718190?
2, 3, 5, 743, 1237
What are the prime factors of 4194210977?
11, 23, 61, 271769
List the prime factors of 32548712.
2, 7, 581227
What are the prime factors of 1511754938?
2, 2909, 259841
List the prime factors of 535753290.
2, 3, 5, 163, 331
What are the prime factors of 120613577?
7, 19, 906869
What are the prime factors of 527045155?
5, 7, 13, 1158341
List the prime factors of 72122973.
3, 13, 199, 9293
What are the prime factors of 5051385927?
3, 7, 6011, 13339
What are the prime factors of 226716883?
226716883
List the prime factors of 479705906.
2, 89, 2694977
List the prime factors of 60923030.
2, 5, 7, 870329
What are the prime factors of 5979774637?
229, 1307, 19979
List the prime factors of 38813111.
37, 311, 3373
List the prime factors of 169882508.
2, 23, 43, 42943
What are the prime factors of 71860711?
13, 5527747
List the prime factors of 105910672.
2, 7, 945631
What are the prime factors of 45684451?
193, 236707
List the prime factors of 90215309.
139, 419, 1549
What are the prime factors of 103815813?
3, 23, 41, 36697
What are the prime factors of 1542297378?
2, 3, 257049563
What are the prime factors of 1537981532?
2, 61, 211, 29873
What are the prime factors of 10465802?
2, 67, 83, 941
List the prime factors of 6983007147.
3, 61, 12719503
List the prime factors of 3181403838.
2, 3, 23, 1523, 15137
What are the prime factors of 453894209?
453894209
What are the prime factors of 53990364?
2, 3, 947, 4751
List the prime factors of 204395108.
2, 131, 390067
List the prime factors of 143428290.
2, 3, 5, 4780943
List the prime factors of 404912550.
2, 3, 5, 7, 385631
What are the prime factors of 68550749?
17, 79, 51043
What are the prime factors of 2685625117?
7, 5867, 65393
List the prime factors of 223280431.
11, 17, 107, 11159
List the prime factors of 737230215.
3, 5, 49148681
List the prime factors of 1219412143.
61, 19990363
What are the prime factors of 302796879?
3, 7, 11, 1310809
List the prime factors of 19980533.
19, 1051607
List the prime factors of 3740994102.
2, 3, 623499017
List the prime factors of 22561168.
2, 7, 4111
What are the prime factors of 200146981?
200146981
List the prime factors of 232784091.
3, 47, 183439
List the prime factors of 5642930179.
36973, 152623
List the prime factors of 1221126739.
7, 41, 4254797
What are the prime factors of 93520682?
2, 37, 1263793
What are the prime factors of 1641486310?
2, 5, 23, 7136897
What are the prime factors of 141376362?
2, 3, 443, 53189
List the prime factors of 2342576364.
2, 3, 12263, 15919
What are the prime factors of 25056643?
3371, 7433
List the prime factors of 10139563.
7, 59, 24551
What are the prime factors of 197836552?
2, 239, 103471
List the prime factors of 61393496.
2, 1439, 5333
List the prime factors of 3068365524.
2, 3, 7, 36528161
What are the prime factors of 70184803?
13, 19, 284149
List the prime factors of 56278399.
19, 83, 127, 281
List the prime factors of 64969852.
2, 17, 955439
What are the prime factors of 213015155?
5, 42603031
List the prime factors of 1347138.
2, 3, 13, 19, 101
What are the prime factors of 1371665224?
2, 171458153
What are the prime factors of 29954456?
2, 7, 167, 3203
List the prime factors of 169462935.
3, 5, 418427
List the prime factors of 99264635.
5, 31, 587, 1091
List the prime factors of 43559668.
2, 10889917
List the prime factors of 819115356.
2, 3, 31, 71, 31013
What are the prime factors of 220191552?
2, 3, 7, 97, 563
List the prime factors of 1104275169.
3, 193, 635737
List the prime factors of 130895933.
7, 617, 30307
List the prime factors of 35419238.
2, 17709619
List the prime factors of 632075373.
3, 23410199
List the prime factors of 44670456.
2, 3, 379, 1637
What are the prime factors of 110371906?
2, 83, 664891
What are the prime factors of 67927630?
2, 5, 6792763
List the prime factors of 974857052.
2, 13, 18747251
List the prime factors of 102901370.
2, 5, 11, 13, 227, 317
What are the prime factors of 13554781?
31, 331, 1321
List the prime factors of 92658490.
2, 5, 23, 402863
What are the prime factors of 123730336?
2, 1069, 3617
List the prime factors of 121101437.
121101437
What are the prime factors of 67627396?
2, 163, 103723
What are the prime factors of 705412874?
2, 31, 11377627
What are the prime factors of 789602687?
789602687
What are the prime factors of 68904287?
137, 461, 1091
List the prime factors of 7641449740.
2, 5, 1669, 228923
What are the prime factors of 87830288?
2, 7, 13, 179, 337
What are the prime factors of 554339994?
2, 3, 13, 37, 401, 479
List the prime factors of 535497883.
535497883
What are the prime factors of 733129621?
7, 83, 180263
List the prime factors of 18789719.
13, 53, 27271
List the prime factors of 1345750884.
2, 3, 23, 1625303
What are the prime factors of 1730318445?
3, 5, 38451521
List the prime factors of 1531774849.
11, 1249, 111491
List the prime factors of 958706297.
37, 251, 103231
List the prime factors of 51614738.
2, 7, 526681
List the prime factors of 4190475005.
5, 838095001
List the prime factors of 264197077.
264197077
What are the prime factors of 149790704?
2, 7, 443, 3019
List the prime factors of 738096548.
2, 7, 17, 43, 36061
What are the prime factors of 939283511?
743, 1264177
What are the prime factors of 15989807?
23, 673, 1033
What are the prime factors of 1231236956?
2, 461, 667699
What are the prime factors of 789091386?
2, 3, 101, 127, 10253
List the prime factors of 4987076125.
5, 229, 174221
What are the prime factors of 290358004?
2, 2293, 31657
What are the prime factors of 1978405688?
2, 7, 37, 954829
What are the prime factors of 1216150394?
2, 401, 1516397
What are the prime factors of 3164261200?
2, 5, 7910653
List the prime factors of 367864125.
3, 5, 281, 3491
List the prime factors of 2198490795.
3, 5, 16285117
What are the prime factors of 328450677?
3, 1667, 65677
What are the prime factors of 54130001?
37, 1462973
What are the prime factors of 3675642526?
2, 29, 63373147
List the prime factors of 782353831.
7, 1447, 77239
List the prime factors of 563037059.
13, 17, 29, 59, 1489
List the prime factors of 5282239723.
19, 157, 93199
List the prime factors of 2744794639.
29, 683, 138577
What are the prime factors of 597381843?
3, 43, 4630867
What are the prime factors of 179458?
2, 53, 1693
What are the prime factors of 946506889?
946506889
What are the prime factors of 385347141?
3, 42816349
What are the prime factors of 2126718666?
2, 3, 17, 772229
List the prime factors of 233863668.
2, 3, 223, 29131
List the prime factors of 163497285.
3, 5, 7, 101, 571
List the prime factors of 415571233.
7, 11, 179, 2741
List the prime factors of 10824789.
3, 23, 59, 2659
List the prime factors of 204801847.
41, 313, 15959
What are the prime factors of 440385724?
2, 19, 109, 53161
List the prime factors of 199750261.
433, 461317
List the prime factors of 97368151.
97368151
List the prime factors of 3608884663.
503, 7174721
List the prime factors of 558435646.
2, 279217823
What are the prime factors of 201794429?
201794429
List the prime factors of 1878817881.
3, 626272627
What are the prime factors of 187480685?
5, 7, 251, 21341
List the prime factors of 593344476.
2, 3, 16481791
What are the prime factors of 39935989?
39935989
List the prime factors of 103749612.
2, 3, 59, 146539
List the prime factors of 313984985.
5, 17, 53, 69697
What are the prime factors of 92060609?
92060609
List the prime factors of 222663582.
2, 3, 89, 131, 1061
What are the prime factors of 132581005?
5, 157, 168893
List the prime factors of 757982073.
3, 101, 2501591
List the prime factors of 1860925164.
2, 3, 7, 31, 727, 983
List the prime factors of 1270897859.
7, 11, 19, 193, 643
What are the prime factors of 47529193?
47529193
List the prime factors of 47795396.
2, 11, 1086259
List the prime factors of 1639444642.
2, 11, 5689, 13099
Wh